- (-12 + (-13 - (11 + -4 - 18))).
-21
What is -3 + (11 - (2 + 28 - 84))?
62
What is -21 - (-3 + 15 + (-3 - 20))?
-10
Calculate (-575 - -559) + -2 + 1 + 11 - (1 - -120).
-127
What is 15 - -21 - (-1 - ((8 - 6) + -5 + 10))?
44
-17 + (-21 - -15 - 1 - -19)
-5
Calculate -1659 + 1693 + (-1 - 4).
29
Calculate 139 + 48 + -148 - (28 + 1).
10
What is the value of 7 + 1 + (-13 - (13 + -13)) - 7?
-12
Calculate 10 + 0 + (393 - 407) + -23.
-27
Calculate -29 + (12 - 4 - (50 + -50)).
-21
0 + (-6 - -4) + 15 + -3 + -26 + -9
-25
What is 1 + -19 - (3 - (15 + -2) - -18)?
-26
(13 - -2) + (10 - 8)
17
What is the value of -44 - (-101 - -87 - (-4 - -4) - -24)?
-54
What is -9 - (16 - (9 - -6) - (-33 - -5) - 6)?
-32
Evaluate (77 - -12) + -5 + (15 - (-4 - 5 - -24)).
84
What is the value of 1 - 0 - (8 - (-46 + 83))?
30
2 + 18 + 5 + -29 + 4 + 11 - 81
-70
Evaluate -69 - (19 + (-9 + 23 - 50)).
-52
What is the value of -81 + (-50 - (15 + -87))?
-59
What is 19 + (62 - 19 - (3 - -12))?
47
(14 - -46) + -37 + -64
-41
Evaluate -50 + 44 + -43 - -60.
11
Evaluate 43 + -74 - (-2 + -1 + -1).
-27
Evaluate -63 + 93 + -98 + -40.
-108
Calculate -1589 - -1673 - (-2 - (0 - 3)).
83
Evaluate (-24 - (-63 + 68)) + 83.
54
Evaluate (1 - (-75 - -4)) + -2969 + 2986.
89
What is -3 + -21 + (-2 - ((80 - 75) + (-8 - -1)))?
-24
Evaluate -35 + -12 + -1 + -18 - -19.
-47
Evaluate 204 + -150 + 30 + (-6 - 4).
74
What is the value of -17 - ((3 - 71 - 13) + 26 + -28)?
66
Calculate 14 + 0 - 76 - (-3 + -2) - (64 + -56).
-65
-116 - (-142 + -85) - 234
-123
30 + -2 - (2397 - 2406)
37
-8 + -2 + 7 + -56 + (-8 + 22 - 21)
-66
Evaluate (9 - (-3 + 4)) + 3 - (-7 + (-4 - 1)).
23
What is 11 + (-8 - -2) + 6 + -18 + 27 + -14?
6
15 - (22 - -15) - -62
40
What is -8 + (-16 - (-79 + (20 - 16)))?
51
51 + (2 - -4) + 1
58
Calculate 19 + (-19 - (22 - 13) - 0) - (-1 + -63).
55
-73 + 146 + -205 - -37
-95
Calculate -1 - -22 - (-2 + 65) - -16.
-26
-45 - (-6 - -7) - (-136 - -141)
-51
(0 - (8 - -1)) + (147 - 157)
-19
Evaluate (-6 + (7 - (9 + -20)) - 40) + 7.
-21
What is (-27 - (-21 + 31 + -22)) + -15?
-30
What is 23 - (212 + -126 + 4 + 4)?
-71
What is the value of 13 - (-101 + 110 + (-1 - 4)) - (6 - -9)?
-6
What is (-233 - -127 - 23) + 49?
-80
What is 29 - -11 - ((-7 - 25) + 13)?
59
What is the value of -66 - -61 - 47 - -31?
-21
92 - (-72 + -32 + 178)
18
What is (29 - 12) + (1 - (-38 - -39))?
17
Evaluate 9 + (54 - (61 - 38)).
40
Calculate -20 + (-5 - 10 - -70).
35
Calculate 5 + (12 + -14 - 7 - -1).
-3
Evaluate 48 + 186 + -163 + -164.
-93
What is the value of 1 + 3 - (-2555 - -2597)?
-38
Calculate (22 - -26 - 64) + 48.
32
Evaluate (0 - (-9 + 1)) + -12 + -14 + 30 - -64.
76
Evaluate (-9 - (1 + -5 - -5)) + (21 - -29).
40
What is -45 - (-9 + (10 - (-4 - (-4 + 8))))?
-54
What is -43 - (472 + -460 - (5 - (-1 - 0)))?
-49
4 + (-6 - 2) - -3 - (-67 + -5 + 9)
62
88 + (14 - (-31 - -24)) - 2
107
What is (15 + -47 - 6) + 36 - 6?
-8
-22 + (137 - 41) - 53
21
Calculate 0 + 9 + 0 + (-74 + 2 - -67) + -72.
-68
-1 + -20 + (-26 - (11 - 113))
55
-6 + 0 + -1 + -133 + -8 + 164
16
Calculate (153 - 75) + 5 - 174.
-91
What is the value of 11 - ((1 - -14) + 14 + -16)?
-2
3 + -1 + 1 - (-168 + 151 - 70) - 3
87
Calculate -21 + (0 - (-7 + 0)) + (7 - 16).
-23
What is (-38 - -7) + -40 - -49?
-22
Evaluate (-276 - -381) + (3 - 0) + -3 + 2.
107
Calculate -6 + (-27 - (-12 + 15 + -11)).
-25
-82 - 25 - (-17 + -6 + -5)
-79
Calculate -4 + (-6 + 16 - 0 - 13) + (-8 - 3).
-18
Evaluate -7 + -2 + (83 - 4) - (1 - -4) - 4.
61
Calculate 47 + -112 + -11 + 55 - -166.
145
Calculate (-100 - -100) + 3 + (-3 - -3 - 38).
-35
What is the value of (-31 + (10 - -27) - -1) + -2?
5
What is the value of (1 - ((-5 - -5) + -94)) + (22 - 32 - 2)?
83
What is the value of (-2 - -115) + -2056 + 1985?
42
What is 11 - (-16 + (61 + -34 - (-6 - -1)))?
-5
What is -119 + -57 + (154 - 64)?
-86
(-145 - (194 - 352)) + (-1 + 1 - 34)
-21
Calculate -18 - -31 - -4 - (6 + -8).
19
What is (-21 - (-5 + -13)) + (0 - (-8 - 2)) + 11?
18
What is 6 + (-7 - (-1 + 3 - 3) - (24 - 23))?
-1
(91 - 92) + (-14 - (-2 + 7 - 12))
-8
What is -2 - -135 - (57 - (32 + -40 + 43))?
111
Calculate -27 + 1 + 938 + -803.
109
What is -111 + (42 - (-22 - 5))?
-42
What is the value of (1 - (11 - (-13 + 85))) + (-8 - 7)?
47
(-12 + 9 + -1 - 9) + (16 + -36 - 9)
-42
What is the value of (-57 + 36 - -3) + 40?
22
What is the value of (-6 - (0 - (-3 - -2)) - (118 + -157)) + 9?
41
Calculate -74 + (63 - -47 - -32).
68
Evaluate 2779 + -2864 + -1 + (-3 + -1 - -5).
-85
Evaluate (5 - (51 - 29)) + 6.
-11
Evaluate -31 + -17 + (2 - 2) + -721 + 725 + -2.
-46
What is the value of (-9 - (0 + 10 + -19 + 12 - -8)) + 3?
-17
Evaluate (-34 - -1) + -4 + 4 - (531 + -518).
-46
What is -41 + 1 - -73 - 41?
-8
Calculate 93 + (-50 + 6 - -77).
126
Evaluate -12 + 1 + (31 + 18 + -13 - 0).
25
What is -37 + (-12 - -10 - -18 - 15 - 11)?
-47
What is the value of (-9 - (0 + -10 - (-3 - 3))) + -2?
-7
What is 0 + -1 + -20 - (-168 + -4 + 193)?
-42
(68 - 85 - (2 - 13)) + -44 + 12
-38
Calculate 4 + 90 - ((28 - 45) + 30 + -9).
90
What is -14 - ((29 - 47) + 12)?
-8
Evaluate 4 + -11 + -31 + 7 + 31.
0
What is the value of -155 + 6 - (-8 + 28 + 4 - 21)?
-152
What is the value of 3981 + -3911 + -6 + (0 - -3)?
67
What is (-413 - -385) + 24 + -9 + 104?
91
What is the value of -2 + -17 - (22 - (40 - 9))?
-10
Evaluate -15 - (23 - (20 + 16)).
-2
What is (127 - 116) + 0 + (-21 - 6) + 62?
46
Calculate 9 + -14 + 15 + -5 - (-16 - (43 + -21)).
43
Calculate 5 + -1 - (-46 - (-25 + 10 + -9)).
26
Evaluate (22 - 10) + 25 + -20 + -17.
0
What is the value of (7 - (18 - 8) - 3) + 14 - (23 - 4)?
-11
Evaluate (67 - (75 - -80)) + -16 + -9.
-113
(-6 + (0 - -2) + -1 - (-12 - -17)) + 11
1
Evaluate (1 - 0 - (-33 + (51 - 5))) + -103.
-115
What is -62 + 73 - -63 - -12?
86
Calculate 1 + (11 - (8 + 90 + 12 - 5)) + 14.
-79
Evaluate (22 - (27 + (-23 - 8))) + -24.
2
What is the value of 19 - 0 - (-67 + (32 - -77))?
-23
(-29 + 25 - -9) + 75 - -31
111
Calculate (429 - 453) + 0 + 15 - -40.
31
Calculate 26 + (9 - (1 + -23)).
57
Evaluate (49 - 56 - (-9 + 6 - -1)) + -23.
-28
Calculate -6 + 19 + (6 + (-8 - -5) - 11) - 45.
-40
What is the value of -30 - ((6 - -18 - 5) + 29)?
-78
Calculate -260 + 231 + (-1 - (-5 + -17)).
-8
Evaluate (-41 - (10 - (33 + -23))) + 31.
-10
What is the value of -61 + 2 - (27 + (-25 - 25) + 9)?
-45
-97 - (-36 + 53 - 6 - (-9 - 0))
-117
What is (26 - (3 + -3 + -10 + 17)) + -11 + -37?
-29
What is the value of -70 + (-46 + 48 - -33)?
-35
Calculate -50 + 20 + 50 - (17 - -1).
2
Evaluate -58 - (4 + 1 + 0 + 4 + -1178 + 1154).
-43
(-2 - -18) + (-97 + 15 - -63)
-3
51 - (0 + -1) - (23 - (-17 + 17 + 24))
53
Calculate (6 - 143) + (7 - (-61 + 40)).
-109
What is the value of 3 + 2 + 45 + (60 - (142 - 77))?
45
What is 11 + -3 + (2 - 4) - (72 - (-39 - -31))?
-74
Calculate -37 + (-2 + -30 + -25 - -36).
-58
Evaluate -35 - (0 + -2 + 2) - (-85 + 83).
-33
53 - -1 - ((66 - (6 - -24)) + -28)
46
Calculate 45 + (2 + 6 - ((-1 - -11 - 0) + -8)).
51
What is the value of -42 + -1 - (41 - 39 - 26)?
-19
Calculate -4 - (-5 - -12 - 41) - 133.
-103
(2 - 1 - 27) + (-37 - -12 - -40) - -123
112
What is the value of 0 - (-10 - (13 - 10)) - 6?
7
(-50 + 24 - 5) + (-14 - (0 + -5))
-40
Evaluate 2 + -10 + -253 + 254 + (4 - 2).
-5
Evaluate 0 - 0 - (-18 + 14 + -27).
31
-20 - (-31 - (-134 + 46) - 6)
-71
Calculate 8 - 4 - (8 - 8).
4
-42 - (85 + -105 - (1 - 1))
-22
Evaluate 167 + -162 + (-115 - (17 + -40)).
-87
What is the value of -455 + 394 - (0 + -13) - (2 - 7)?
-43
What is the value of (-1 + 1 + (-16 - -13) - (18 + -22)) + -21?
-20
What is the value of (17 - (3 - ((38 - 46) + (2 - 0)))) + -22?
-14
Evaluate 29 - (63 + 17 + -4 + -10).
-37
Calculate 6 - (7 - 7 - (-7 + -3 - 22)).
-26
Calculate 1 - ((44 - (-7 - -2)) + 16 + (-3 - 3)).
-58
Calculate (8 - (-213 - -205 - (-1 + -5))) + 39.
49
Calculate -31 - (51 + -5 - 54).
-23
Calculate -38 - (-24 + (22 - 45) - -21).
-12
What is 94 - (4 + 3 - (703 + -692))?
98
Evaluate 12 + (-18 + (17 - 8) - (-3 + -5)) - -82.
93
Calculate 215 - 15 - 204 - (-1 + 23).
-26
0 - -59 - (20 - (-9 + 3 - (-10 - 3)))
46
14 - ((-30 - (-2 - -12)) + 24)
30
Evaluate -47 - (-45 - -26 - -5).
-33
What is the value of -53 - -9 - -12 - 22 - (13 + 1)?
-68
Calculate -9 + 85 - (-98 + 239).
-65
What is (-6 + (-3 - -6) - (-76 + 35)) + 157 + -152?
43
What i